n divisor of n and 38?
38
Suppose -9*u + 4644 + 3573 = 0. What is the highest common factor of u and 332?
83
Let f be ((-36)/(-9) + -189)*(-20)/25. Calculate the greatest common factor of f and 4.
4
Let v = 4923 - 4833. What is the highest common factor of v and 585?
45
Let q(b) = b**2 + 24*b - 35. Let u be q(-26). Suppose 3004 = u*z + 352. Calculate the highest common divisor of 12 and z.
12
Let u = -95 + 100. Suppose 192 = u*g + 4*y, -4*y + 38 = 2*g - 34. Calculate the greatest common divisor of 40 and g.
40
Let c = -11438 - -11666. Calculate the highest common factor of c and 4731.
57
Suppose 1881*g - 1878*g = -4*c + 1423, -c + 327 = -5*g. What is the highest common factor of 836 and c?
44
Suppose -4*m = -0*m, -4*x - 4*m = -40. Suppose 2*k = -0*k + x. Suppose k*v - 10*v + 625 = 0. What is the highest common divisor of 50 and v?
25
Let f be (203/(-28))/(6/(-1104)). Calculate the highest common divisor of 184 and f.
46
Let g(x) = -x**3 + x**2 + 49*x + 60. Let c be g(0). What is the highest common divisor of c and 1645?
5
Let f be (0 - -520) + 0 + 0. Let g = 1748827 - 1748801. What is the highest common factor of f and g?
26
Suppose -77*j + 9608 + 3944 = 0. What is the highest common divisor of j and 112?
16
Let j(x) = -x + 7. Suppose 0 = -4*l + 7*l. Let r be j(l). Suppose -330 = -r*o + 2*o. Calculate the greatest common divisor of 6 and o.
6
Suppose -8*h = -3*h - 5. Let k be 6/3 + 4 + 3 + -3. Let r be (4/2)/((-2)/((-96)/k)). What is the greatest common divisor of h and r?
1
Suppose 5*q + 0*g - 3*g = 1265, 0 = -5*g. Let h = 109 - 112. Let y be (-21 + -2)/(h - -2). What is the greatest common divisor of q and y?
23
Let o = 12514 + -10594. Calculate the greatest common factor of 810 and o.
30
Let z = 39 + -24. Suppose 173*b + 10395 = 236*b. What is the highest common factor of b and z?
15
Let r be ((-292)/(-12) + 3)/(1/3). Suppose -r*h + 99*h = 102. Calculate the greatest common factor of 78 and h.
6
Suppose 0 = 151*z - 147*z + 4. Let m be 49 + -48 + 15 + z. What is the greatest common divisor of m and 270?
15
Let w(k) = 68*k**3 + 3*k**2 - 3*k + 1. Let h be w(2). Let z = h + -209. Calculate the greatest common divisor of z and 18.
18
Suppose -3*r - 7091 = -2*d, -r = 45 - 48. Calculate the greatest common factor of 284 and d.
142
Let v(s) be the second derivative of s**3/6 + 25*s**2 - 173*s. Let q be v(19). Calculate the highest common factor of 3 and q.
3
Suppose -138 = 4*a - 154. Suppose -3*c - 3*t + 30 = 0, 15 = 2*c - 3*c + a*t. Suppose -3*y + 23 - 8 = 0. What is the highest common factor of c and y?
5
Suppose 0 = 4*f + 320 + 28. Suppose 2*t + 47 = -31. Let o = t - f. What is the highest common factor of 24 and o?
24
Let a(w) = -w**2 - 16*w + 124. Let n be a(-20). Calculate the highest common divisor of n and 495.
11
Let p(w) = -3*w**3 + 11*w**2 + 83*w + 35. Let i be p(-6). What is the greatest common divisor of i and 7?
7
Let x = -406 + 682. Let k be -3*5/(-210) - (6 - (-444)/(-56)). Calculate the greatest common factor of x and k.
2
Let v be 0 + 6 + (-25382)/(-7). What is the highest common divisor of 96 and v?
16
Let s = 1699 + -1599. Let d = 32 - 28. Let y(l) = -l**2 + 8*l + 4. Let q be y(d). Calculate the greatest common factor of q and s.
20
Let z = 75 - 71. Suppose -6*l = -z - 8. Let y be (14/21)/(l/198*3). Calculate the highest common divisor of y and 220.
22
Let i be 19 + -5 + (0 - 1). Let u = i - -9. Suppose 5*o + 0 = 10. Calculate the highest common divisor of o and u.
2
Suppose -11743 - 4987 = -501*h + 16336. What is the greatest common factor of h and 174?
6
Suppose -2*q - 6 = -10. Let d(c) = 12*c - 11. Let t be d(q). Calculate the greatest common factor of 65 and t.
13
Let x be (-39491)/(-505) - (1 + (-4)/5). What is the greatest common factor of 4875 and x?
39
Let k = 5537 - 3122. Calculate the greatest common factor of 69 and k.
69
Let d(o) = -538*o - 453. Let a be d(-1). Calculate the highest common divisor of 25 and a.
5
Let s(a) = -8 + 130*a + 0 - 11 + 3. Let m be s(3). What is the highest common factor of 34 and m?
34
Let t = 2469 - 2245. Calculate the highest common divisor of t and 84.
28
Let y = -2340 + 3828. Calculate the highest common factor of 192 and y.
48
Suppose 9394*j = 9436*j - 35700. What is the greatest common divisor of j and 374?
34
Let h(z) = -87*z + 87*z + 1 + 2*z**2. Suppose 18*n - 19*n = -1. Let a be h(n). Calculate the highest common divisor of 9 and a.
3
Let f(b) = 4*b**2 - 128*b + 1997. Let m be f(18). Calculate the greatest common divisor of 368 and m.
23
Suppose 3*m + 3 = 21. Let l be (-4770)/(-135) - 4/(-6). Suppose -5*r = -11*r + l. What is the highest common divisor of r and m?
6
Let f = -27 - -638. Calculate the highest common factor of 52 and f.
13
Suppose -z - 5804 = -2*u, 4874 + 954 = 2*u + 5*z. Calculate the greatest common factor of 6 and u.
6
Suppose -4*s + s + 5*z + 1523 = 0, -10 = -5*z. Suppose 3*x + 4*r - 1728 + s = 0, -1586 = -4*x + 2*r. Calculate the greatest common factor of 57 and x.
57
Suppose -3*g + 2*s - 4 = 0, -3*g - g + 3*s - 7 = 0. Let j be ((-54)/30)/(g - 86/40). What is the greatest common divisor of 8 and j?
4
Let m be 7088 + (7 - (-1 + -2)). What is the greatest common divisor of 42 and m?
42
Suppose -4*f - 5 = -9*f, 2*f = -l + 28. Suppose -4 + 28 = -8*d. Let s be (-542)/(-14) + -2*d/21. What is the greatest common divisor of s and l?
13
Let d = -59436 + 59458. Suppose 2*b - 94 = -4*m, -5*m = 4*b + 3 - 125. What is the highest common factor of m and d?
22
Let z = 133 - 123. Let r = 50 + z. Let w be (1 + 0)/(2/r). What is the highest common factor of w and 75?
15
Let k = 3020 - 1256. Calculate the greatest common divisor of 396 and k.
36
Let v be (-114)/(-8) + (-3)/12. Let i(b) = 21*b**2 - 4360*b + 13073. Let u be i(3). What is the highest common divisor of v and u?
14
Suppose 5*o + 0*x - 52 = 2*x, 5*o = 4*x + 54. Let k(n) = -n - 165. Let u be k(-12). Let a be u/(-6) + 8/(-16). What is the highest common divisor of a and o?
5
Let l = 85 + -79. Suppose 7*c - 15 - l = 0. What is the greatest common factor of 18 and c?
3
Suppose 2 = -4*d + 42. Let z(w) be the third derivative of -11*w**4/24 + 11*w**3/2 + 27*w**2. Let s be z(-7). Calculate the highest common divisor of s and d.
10
Suppose 48036 = -83*x + 161*x - 78948. What is the highest common divisor of 330 and x?
22
Let h(w) = -3*w**2 - 72*w + 19. Let v(j) = j**2 + 26*j + 146. Let t be v(-13). Let z be h(t). What is the greatest common factor of z and 40?
8
Suppose -7*g + 3*g = -5*r + 19, 2*r = -2*g + 4. Suppose -2*i + 2*w = -36, r*i - 4*w - 31 = 26. What is the greatest common divisor of 585 and i?
15
Let y(k) = -k + 50. Let z be y(-16). Let h be 1 + (1 - -174) - 0/(-8). Calculate the greatest common factor of z and h.
22
Suppose -s + 115 = 3*d, 4*d - 310 = 161*s - 164*s. What is the highest common factor of 6298 and s?
94
Suppose -117*x + 114*x = 27. Let i be (x/12)/((-6)/16). What is the greatest common factor of i and 16?
2
Suppose 29*s - 3133 = 1014. Calculate the highest common factor of s and 88.
11
Let h = -331 - -7850. What is the greatest common factor of h and 206?
103
Let u(n) = 8*n - 24. Suppose 3*k - 2*r = -1 + 35, -k + r + 13 = 0. Suppose 10*f - 10 = k*f. Let d be u(f). What is the greatest common divisor of d and 40?
8
Let a be ((-30)/(-25))/(-1*(-2)/(-1320)). Let i be a/(-120) + ((-3)/5 - 0). Suppose -4 = -2*y + 44. Calculate the greatest common factor of i and y.
6
Let u be -24 + 20 + (192 + 2 - 1). Let t = 6 + u. What is the highest common factor of t and 45?
15
Suppose 2*s = 12 + 12. Let p = -506 - -326. Let y = -162 - p. Calculate the greatest common factor of s and y.
6
Let g = -2579 + 11779. Calculate the highest common factor of g and 690.
230
Let z(s) be the first derivative of 4*s**2 - 7*s + 29. Let r be z(3). Calculate the greatest common factor of r and 68.
17
Let k(n) = 46*n**2 + 22*n - 16. Let m be k(3). Calculate the highest common divisor of 256 and m.
16
Suppose -9*w + 65 = -250. What is the greatest common divisor of w and 135?
5
Suppose -3*v - 5*c = -v - 1443, 0 = -3*v + 3*c + 2196. Let j = v - 153. What is the highest common factor of 18 and j?
18
Suppose 2*u + 55*a - 58*a - 4263 = 0, -3*u = -2*a - 6382. What is the highest common factor of u and 72?
36
Let t = -552 + 550. Let m be t